990814?
11
What is the highest common factor of 109326 and 21?
21
What is the highest common divisor of 29 and 127948?
29
Calculate the greatest common factor of 376 and 121636.
188
Calculate the highest common divisor of 8926 and 16.
2
Calculate the highest common divisor of 36470 and 7.
7
Calculate the greatest common factor of 402 and 298686.
402
What is the highest common factor of 40 and 110984?
8
What is the greatest common factor of 81108 and 432?
108
Calculate the greatest common factor of 26 and 1006018.
26
Calculate the greatest common factor of 1 and 293840.
1
Calculate the highest common factor of 355 and 16872085.
355
What is the highest common factor of 73278 and 108?
54
Calculate the highest common factor of 1161 and 405576.
387
What is the highest common divisor of 432 and 17262?
18
What is the highest common factor of 1480 and 33448?
296
What is the greatest common divisor of 14 and 9191?
7
Calculate the greatest common factor of 261 and 729.
9
Calculate the highest common factor of 27100 and 4065.
1355
Calculate the highest common divisor of 194782 and 84.
14
Calculate the greatest common factor of 529 and 29003.
23
What is the highest common factor of 132 and 85536?
132
Calculate the greatest common factor of 321 and 5009526.
321
What is the highest common divisor of 53381 and 4?
1
What is the greatest common divisor of 2858648 and 624?
104
What is the greatest common factor of 13892736 and 78?
78
What is the highest common factor of 4330 and 130?
10
Calculate the highest common factor of 910 and 44450.
70
Calculate the greatest common divisor of 14943 and 56256.
879
Calculate the greatest common divisor of 2718930 and 6.
6
Calculate the highest common divisor of 21544 and 144.
8
What is the highest common divisor of 102 and 68408?
34
What is the greatest common divisor of 176 and 60104?
88
What is the highest common factor of 86368 and 16?
16
What is the highest common factor of 344 and 792?
8
Calculate the greatest common factor of 1579536 and 180.
36
Calculate the highest common factor of 25844 and 31759.
91
What is the greatest common factor of 153 and 133671?
51
What is the greatest common divisor of 390 and 277615?
65
What is the highest common factor of 63432 and 171?
9
Calculate the greatest common factor of 1380570 and 510.
510
Calculate the greatest common divisor of 1944 and 10287.
81
What is the highest common divisor of 33 and 24211?
11
Calculate the highest common factor of 145 and 405.
5
Calculate the greatest common factor of 423 and 1692.
423
Calculate the greatest common factor of 96 and 2316768.
96
What is the highest common divisor of 333 and 406773?
9
Calculate the greatest common factor of 264 and 90942.
6
What is the highest common factor of 8 and 410738?
2
Calculate the highest common divisor of 35475 and 51557.
473
Calculate the greatest common divisor of 3880 and 6680.
40
What is the highest common factor of 25 and 3990175?
25
What is the highest common divisor of 24 and 2744?
8
What is the highest common divisor of 27027 and 616?
77
What is the highest common divisor of 84 and 1362522?
42
Calculate the greatest common factor of 384 and 8640.
192
What is the highest common divisor of 94770 and 5832?
1458
Calculate the greatest common factor of 80522 and 5434.
494
What is the highest common divisor of 799 and 82109?
47
What is the greatest common factor of 2062983 and 939?
939
Calculate the highest common factor of 2765 and 44635.
395
What is the greatest common factor of 483 and 1239?
21
Calculate the highest common divisor of 515 and 62315.
515
Calculate the greatest common factor of 18 and 518886.
18
What is the greatest common divisor of 20755 and 126?
7
Calculate the highest common divisor of 15930 and 85845.
885
What is the highest common divisor of 464 and 56256?
16
What is the highest common factor of 107406 and 3?
3
Calculate the highest common factor of 89160 and 216.
24
Calculate the greatest common factor of 1210 and 2827.
11
What is the highest common divisor of 1041702 and 12?
6
What is the highest common divisor of 3517814 and 178?
178
Calculate the greatest common divisor of 10050 and 300.
150
Calculate the highest common divisor of 181 and 1569089.
181
What is the greatest common factor of 315 and 4095?
315
What is the greatest common factor of 112 and 120876?
28
Calculate the highest common divisor of 20 and 4673540.
20
What is the greatest common factor of 28368 and 1116?
36
What is the highest common factor of 7474 and 666?
74
What is the greatest common factor of 21252 and 241224?
276
What is the highest common factor of 4 and 14822?
2
Calculate the highest common factor of 243 and 363285.
243
What is the greatest common factor of 68026 and 1022?
14
What is the highest common factor of 224 and 104096?
32
Calculate the highest common factor of 105 and 770455.
35
What is the greatest common factor of 2584 and 209168?
136
What is the greatest common divisor of 11924 and 16?
4
Calculate the greatest common divisor of 1746 and 32398.
194
Calculate the highest common factor of 36782 and 106.
106
What is the greatest common divisor of 108 and 29988?
36
Calculate the highest common factor of 10592 and 24.
8
What is the greatest common divisor of 212290 and 920?
230
Calculate the highest common factor of 1986 and 18.
6
Calculate the greatest common factor of 25 and 2129225.
25
What is the highest common factor of 16899 and 6?
3
Calculate the highest common factor of 24 and 12448.
8
What is the greatest common divisor of 1918026 and 11?
11
What is the greatest common divisor of 776 and 488?
8
What is the highest common factor of 19024 and 24?
8
What is the highest common factor of 388836 and 504?
252
What is the highest common factor of 1608 and 1576?
8
What is the greatest common factor of 8030 and 704?
22
What is the highest common divisor of 2780 and 1090?
10
Calculate the highest common divisor of 36351 and 126.
63
Calculate the greatest common factor of 823 and 1204049.
823
What is the greatest common divisor of 2020 and 144?
4
Calculate the greatest common divisor of 560 and 24064.
16
What is the highest common factor of 8670 and 38862?
102
What is the highest common divisor of 184 and 40986?
46
What is the greatest common divisor of 3570450 and 156?
78
Calculate the greatest common factor of 24189 and 22.
11
Calculate the highest common factor of 2705 and 140.
5
Calculate the highest common divisor of 202630 and 30.
10
What is the highest common divisor of 194655 and 855?
285
Calculate the greatest common divisor of 1098235 and 10.
5
Calculate the greatest common divisor of 14 and 40747.
7
What is the highest common factor of 952 and 75038?
34
Calculate the greatest common factor of 17454 and 12.
6
What is the highest common factor of 82 and 1908181?
41
What is the highest common divisor of 255 and 125850?
15
What is the greatest common divisor of 1785 and 48090?
105
What is the greatest common divisor of 987 and 93624?
141
Calculate the highest common factor of 168 and 15736.
56
What is the highest common factor of 27112 and 120?
8
Calculate the highest common factor of 100533 and 157826.
1081
What is the highest common factor of 2 and 230686?
2
What is the highest common divisor of 16544 and 462?
22
Calculate the greatest common factor of 9373 and 161.
7
Calculate the highest common divisor of 5460 and 112.
28
Calculate the greatest common factor of 6063 and 1269.
141
What is the highest common divisor of 94 and 7631014?
94
What is the greatest common factor of 3440789 and 11?
11
What is the highest common factor of 2670 and 810?
30
Calculate the highest common divisor of 5145 and 168315.
735
What is the greatest common factor of 2891 and 4071?
59
What is the greatest common divisor of 16277 and 28187?
397
What is the highest common divisor of 207882 and 162?
18
Calculate the highest common factor of 134914 and 78.
26
Calculate the greatest common divisor of 589 and 18197.
31
What is the highest common divisor of 3230 and 130?
10
Calculate the highest common divisor of 593 and 113.
1
Calculate the highest common factor of 1698 and 102.
6
Calculate the greatest common divisor of 8772651 and 59.
59
Calculate the greatest common factor of 2452 and 4.
4
Calculate the greatest com